{"id":1382,"date":"2025-08-05T12:25:39","date_gmt":"2025-08-05T17:25:39","guid":{"rendered":"https:\/\/cajaherramientasea.ambiente.gob.ec\/?page_id=1382"},"modified":"2025-08-19T14:42:34","modified_gmt":"2025-08-19T19:42:34","slug":"recursos-de-educacion-ambiental","status":"publish","type":"page","link":"https:\/\/cajaherramientasea.ambiente.gob.ec\/?page_id=1382","title":{"rendered":"Recursos de Educaci\u00f3n Ambiental"},"content":{"rendered":"\t\t<div data-elementor-type=\"wp-page\" data-elementor-id=\"1382\" class=\"elementor elementor-1382\">\n\t\t\t\t\t\t<section class=\"elementor-section elementor-top-section elementor-element elementor-element-2bf873b elementor-section-boxed elementor-section-height-default elementor-section-height-default\" data-id=\"2bf873b\" data-element_type=\"section\">\n\t\t\t\t\t\t<div class=\"elementor-container elementor-column-gap-default\">\n\t\t\t\t\t<div class=\"elementor-column elementor-col-100 elementor-top-column elementor-element elementor-element-61de386\" data-id=\"61de386\" data-element_type=\"column\">\n\t\t\t<div class=\"elementor-widget-wrap elementor-element-populated\">\n\t\t\t\t\t\t<div class=\"elementor-element elementor-element-b60e5e6 elementor-widget elementor-widget-heading\" data-id=\"b60e5e6\" data-element_type=\"widget\" data-widget_type=\"heading.default\">\n\t\t\t\t<div class=\"elementor-widget-container\">\n\t\t\t\t\t<h2 class=\"elementor-heading-title elementor-size-default\">Recursos de Educaci\u00f3n Ambiental<\/h2>\t\t\t\t<\/div>\n\t\t\t\t<\/div>\n\t\t\t\t\t<\/div>\n\t\t<\/div>\n\t\t\t\t\t<\/div>\n\t\t<\/section>\n\t\t\t\t<section class=\"elementor-section elementor-top-section elementor-element elementor-element-f58424e elementor-section-boxed elementor-section-height-default elementor-section-height-default\" data-id=\"f58424e\" data-element_type=\"section\">\n\t\t\t\t\t\t<div class=\"elementor-container elementor-column-gap-default\">\n\t\t\t\t\t<div class=\"elementor-column elementor-col-100 elementor-top-column elementor-element elementor-element-e5b4894\" data-id=\"e5b4894\" data-element_type=\"column\">\n\t\t\t<div class=\"elementor-widget-wrap elementor-element-populated\">\n\t\t\t\t\t\t<div class=\"elementor-element elementor-element-4a0bab2 elementor-widget elementor-widget-text-editor\" data-id=\"4a0bab2\" data-element_type=\"widget\" data-widget_type=\"text-editor.default\">\n\t\t\t\t<div class=\"elementor-widget-container\">\n\t\t\t\t\t\t\t\t\t<p>En esta secci\u00f3n encontrar\u00e1 materiales, gu\u00edas, enlaces, publicaciones y herramientas relacionadas con la Educaci\u00f3n Ambiental, disponibles para su consulta, descarga y aplicaci\u00f3n en distintos contextos educativos.<\/p>\t\t\t\t\t\t\t\t<\/div>\n\t\t\t\t<\/div>\n\t\t\t\t\t<\/div>\n\t\t<\/div>\n\t\t\t\t\t<\/div>\n\t\t<\/section>\n\t\t\t\t<section class=\"elementor-section elementor-top-section elementor-element elementor-element-6a3ef6d elementor-section-boxed elementor-section-height-default elementor-section-height-default\" data-id=\"6a3ef6d\" data-element_type=\"section\">\n\t\t\t\t\t\t\t<div class=\"elementor-background-overlay\"><\/div>\n\t\t\t\t\t\t\t<div class=\"elementor-container elementor-column-gap-default\">\n\t\t\t\t\t<div class=\"elementor-column elementor-col-33 elementor-top-column elementor-element elementor-element-f1d1c7a\" data-id=\"f1d1c7a\" data-element_type=\"column\">\n\t\t\t<div class=\"elementor-widget-wrap elementor-element-populated\">\n\t\t\t\t\t\t<div class=\"elementor-element elementor-element-97fab0e elementor-position-left elementor-vertical-align-top elementor-widget elementor-widget-image-box\" data-id=\"97fab0e\" data-element_type=\"widget\" data-widget_type=\"image-box.default\">\n\t\t\t\t<div class=\"elementor-widget-container\">\n\t\t\t\t\t<div class=\"elementor-image-box-wrapper\"><figure class=\"elementor-image-box-img\"><a href=\"https:\/\/cajaherramientasea.ambiente.gob.ec\/?page_id=1421\" tabindex=\"-1\"><img fetchpriority=\"high\" decoding=\"async\" width=\"2560\" height=\"1707\" src=\"https:\/\/cajaherramientasea.ambiente.gob.ec\/wp-content\/uploads\/2025\/08\/DSC06514-scaled.webp\" class=\"attachment-full size-full wp-image-1915\" alt=\"\" srcset=\"https:\/\/cajaherramientasea.ambiente.gob.ec\/wp-content\/uploads\/2025\/08\/DSC06514-scaled.webp 2560w, https:\/\/cajaherramientasea.ambiente.gob.ec\/wp-content\/uploads\/2025\/08\/DSC06514-300x200.webp 300w, https:\/\/cajaherramientasea.ambiente.gob.ec\/wp-content\/uploads\/2025\/08\/DSC06514-1024x683.webp 1024w, https:\/\/cajaherramientasea.ambiente.gob.ec\/wp-content\/uploads\/2025\/08\/DSC06514-768x512.webp 768w, https:\/\/cajaherramientasea.ambiente.gob.ec\/wp-content\/uploads\/2025\/08\/DSC06514-1536x1024.webp 1536w, https:\/\/cajaherramientasea.ambiente.gob.ec\/wp-content\/uploads\/2025\/08\/DSC06514-2048x1365.webp 2048w, https:\/\/cajaherramientasea.ambiente.gob.ec\/wp-content\/uploads\/2025\/08\/DSC06514-930x620.webp 930w\" sizes=\"(max-width: 2560px) 100vw, 2560px\" \/><\/a><\/figure><div class=\"elementor-image-box-content\"><h3 class=\"elementor-image-box-title\"><a href=\"https:\/\/cajaherramientasea.ambiente.gob.ec\/?page_id=1421\">Repositorio de Educaci\u00f3n Ambiental<\/a><\/h3><p class=\"elementor-image-box-description\">Recopilaci\u00f3n de recursos de educaci\u00f3n ambiental<\/p><\/div><\/div>\t\t\t\t<\/div>\n\t\t\t\t<\/div>\n\t\t\t\t\t<\/div>\n\t\t<\/div>\n\t\t\t\t<div class=\"elementor-column elementor-col-33 elementor-top-column elementor-element elementor-element-2696001\" data-id=\"2696001\" data-element_type=\"column\">\n\t\t\t<div class=\"elementor-widget-wrap elementor-element-populated\">\n\t\t\t\t\t\t<div class=\"elementor-element elementor-element-22a980f elementor-position-left elementor-vertical-align-top elementor-widget elementor-widget-image-box\" data-id=\"22a980f\" data-element_type=\"widget\" data-widget_type=\"image-box.default\">\n\t\t\t\t<div class=\"elementor-widget-container\">\n\t\t\t\t\t<div class=\"elementor-image-box-wrapper\"><figure class=\"elementor-image-box-img\"><a href=\"https:\/\/cajaherramientasea.ambiente.gob.ec\/?page_id=1428\" tabindex=\"-1\"><img decoding=\"async\" width=\"2560\" height=\"1920\" src=\"https:\/\/cajaherramientasea.ambiente.gob.ec\/wp-content\/uploads\/2025\/08\/colibri-scaled.webp\" class=\"attachment-full size-full wp-image-1913\" alt=\"\" srcset=\"https:\/\/cajaherramientasea.ambiente.gob.ec\/wp-content\/uploads\/2025\/08\/colibri-scaled.webp 2560w, https:\/\/cajaherramientasea.ambiente.gob.ec\/wp-content\/uploads\/2025\/08\/colibri-300x225.webp 300w, https:\/\/cajaherramientasea.ambiente.gob.ec\/wp-content\/uploads\/2025\/08\/colibri-1024x768.webp 1024w, https:\/\/cajaherramientasea.ambiente.gob.ec\/wp-content\/uploads\/2025\/08\/colibri-768x576.webp 768w, https:\/\/cajaherramientasea.ambiente.gob.ec\/wp-content\/uploads\/2025\/08\/colibri-1536x1152.webp 1536w, https:\/\/cajaherramientasea.ambiente.gob.ec\/wp-content\/uploads\/2025\/08\/colibri-2048x1536.webp 2048w\" sizes=\"(max-width: 2560px) 100vw, 2560px\" \/><\/a><\/figure><div class=\"elementor-image-box-content\"><h3 class=\"elementor-image-box-title\"><a href=\"https:\/\/cajaherramientasea.ambiente.gob.ec\/?page_id=1428\">Portales institucionales <\/a><\/h3><p class=\"elementor-image-box-description\">Enlaces a portales especializados de instituciones p\u00fablicas del Ecuador<\/p><\/div><\/div>\t\t\t\t<\/div>\n\t\t\t\t<\/div>\n\t\t\t\t\t<\/div>\n\t\t<\/div>\n\t\t\t\t<div class=\"elementor-column elementor-col-33 elementor-top-column elementor-element elementor-element-9618194\" data-id=\"9618194\" data-element_type=\"column\">\n\t\t\t<div class=\"elementor-widget-wrap elementor-element-populated\">\n\t\t\t\t\t\t<div class=\"elementor-element elementor-element-1f1bbdd elementor-position-left elementor-vertical-align-top elementor-widget elementor-widget-image-box\" data-id=\"1f1bbdd\" data-element_type=\"widget\" data-widget_type=\"image-box.default\">\n\t\t\t\t<div class=\"elementor-widget-container\">\n\t\t\t\t\t<div class=\"elementor-image-box-wrapper\"><figure class=\"elementor-image-box-img\"><a href=\"https:\/\/cajaherramientasea.ambiente.gob.ec\/?page_id=555\" tabindex=\"-1\"><img decoding=\"async\" width=\"300\" height=\"168\" src=\"https:\/\/cajaherramientasea.ambiente.gob.ec\/wp-content\/uploads\/2025\/08\/moodle.jpg\" class=\"attachment-full size-full wp-image-1451\" alt=\"\" \/><\/a><\/figure><div class=\"elementor-image-box-content\"><h3 class=\"elementor-image-box-title\"><a href=\"https:\/\/cajaherramientasea.ambiente.gob.ec\/?page_id=555\">Formaci\u00f3n Ambiental<\/a><\/h3><p class=\"elementor-image-box-description\">Cursos virtuales gratuitos sobre temas ambientales como cambio clim\u00e1tico, biodiversidad y recursos h\u00eddricos.<\/p><\/div><\/div>\t\t\t\t<\/div>\n\t\t\t\t<\/div>\n\t\t\t\t\t<\/div>\n\t\t<\/div>\n\t\t\t\t\t<\/div>\n\t\t<\/section>\n\t\t\t\t<\/div>\n\t\t","protected":false},"excerpt":{"rendered":"<p>Recursos de Educaci\u00f3n Ambiental En esta secci\u00f3n encontrar\u00e1 materiales, gu\u00edas, enlaces, publicaciones y herramientas relacionadas con la Educaci\u00f3n Ambiental, disponibles para su consulta, descarga y aplicaci\u00f3n en distintos contextos educativos. Repositorio de Educaci\u00f3n Ambiental Recopilaci\u00f3n de recursos de educaci\u00f3n ambiental Portales institucionales Enlaces a portales especializados de instituciones p\u00fablicas del Ecuador Formaci\u00f3n Ambiental Cursos virtuales&hellip;&nbsp;<a href=\"https:\/\/cajaherramientasea.ambiente.gob.ec\/?page_id=1382\" rel=\"bookmark\">Leer m\u00e1s &raquo;<span class=\"screen-reader-text\">Recursos de Educaci\u00f3n Ambiental<\/span><\/a><\/p>\n","protected":false},"author":10,"featured_media":0,"parent":0,"menu_order":0,"comment_status":"closed","ping_status":"closed","template":"page-templates\/template-pagebuilder-full-width.php","meta":{"neve_meta_sidebar":"","neve_meta_container":"","neve_meta_enable_content_width":"","neve_meta_content_width":0,"neve_meta_title_alignment":"","neve_meta_author_avatar":"","neve_post_elements_order":"","neve_meta_disable_header":"","neve_meta_disable_footer":"","neve_meta_disable_title":"","footnotes":""},"class_list":["post-1382","page","type-page","status-publish","hentry"],"_links":{"self":[{"href":"https:\/\/cajaherramientasea.ambiente.gob.ec\/index.php?rest_route=\/wp\/v2\/pages\/1382","targetHints":{"allow":["GET"]}}],"collection":[{"href":"https:\/\/cajaherramientasea.ambiente.gob.ec\/index.php?rest_route=\/wp\/v2\/pages"}],"about":[{"href":"https:\/\/cajaherramientasea.ambiente.gob.ec\/index.php?rest_route=\/wp\/v2\/types\/page"}],"author":[{"embeddable":true,"href":"https:\/\/cajaherramientasea.ambiente.gob.ec\/index.php?rest_route=\/wp\/v2\/users\/10"}],"replies":[{"embeddable":true,"href":"https:\/\/cajaherramientasea.ambiente.gob.ec\/index.php?rest_route=%2Fwp%2Fv2%2Fcomments&post=1382"}],"version-history":[{"count":36,"href":"https:\/\/cajaherramientasea.ambiente.gob.ec\/index.php?rest_route=\/wp\/v2\/pages\/1382\/revisions"}],"predecessor-version":[{"id":1981,"href":"https:\/\/cajaherramientasea.ambiente.gob.ec\/index.php?rest_route=\/wp\/v2\/pages\/1382\/revisions\/1981"}],"wp:attachment":[{"href":"https:\/\/cajaherramientasea.ambiente.gob.ec\/index.php?rest_route=%2Fwp%2Fv2%2Fmedia&parent=1382"}],"curies":[{"name":"wp","href":"https:\/\/api.w.org\/{rel}","templated":true}]}}