{"id":1436,"date":"2025-08-05T16:05:04","date_gmt":"2025-08-05T21:05:04","guid":{"rendered":"https:\/\/cajaherramientasea.ambiente.gob.ec\/?page_id=1436"},"modified":"2025-11-19T15:30:08","modified_gmt":"2025-11-19T20:30:08","slug":"patrimonio-natural-2","status":"publish","type":"page","link":"https:\/\/cajaherramientasea.ambiente.gob.ec\/?page_id=1436","title":{"rendered":"Juegos"},"content":{"rendered":"\t\t<div data-elementor-type=\"wp-page\" data-elementor-id=\"1436\" class=\"elementor elementor-1436\">\n\t\t\t\t\t\t<section class=\"elementor-section elementor-top-section elementor-element elementor-element-569ba3c elementor-section-boxed elementor-section-height-default elementor-section-height-default\" data-id=\"569ba3c\" data-element_type=\"section\">\n\t\t\t\t\t\t<div class=\"elementor-container elementor-column-gap-default\">\n\t\t\t\t\t<div class=\"elementor-column elementor-col-100 elementor-top-column elementor-element elementor-element-9f5ce6d\" data-id=\"9f5ce6d\" data-element_type=\"column\">\n\t\t\t<div class=\"elementor-widget-wrap\">\n\t\t\t\t\t\t\t<\/div>\n\t\t<\/div>\n\t\t\t\t\t<\/div>\n\t\t<\/section>\n\t\t\t\t<section class=\"elementor-section elementor-top-section elementor-element elementor-element-b91bcc1 elementor-section-boxed elementor-section-height-default elementor-section-height-default\" data-id=\"b91bcc1\" data-element_type=\"section\">\n\t\t\t\t\t\t<div class=\"elementor-container elementor-column-gap-default\">\n\t\t\t\t\t<div class=\"elementor-column elementor-col-100 elementor-top-column elementor-element elementor-element-4b246e6\" data-id=\"4b246e6\" data-element_type=\"column\">\n\t\t\t<div class=\"elementor-widget-wrap elementor-element-populated\">\n\t\t\t\t\t\t<div class=\"elementor-element elementor-element-3821f36 elementor-widget elementor-widget-html\" data-id=\"3821f36\" data-element_type=\"widget\" data-widget_type=\"html.default\">\n\t\t\t\t<div class=\"elementor-widget-container\">\n\t\t\t\t\t<!-- Informaci\u00f3n adicional -->\r\n  <section class=\"sinias-info\">\r\n     <div class=\"elemento-img5\"><h2>Secci\u00f3n de Juegos Ambientales<\/h2><\/div>  \r\n                    <div class=\"card-content\">\r\n    <br>\r\n    <p>En este espacio encontrar\u00e1s una selecci\u00f3n de juegos did\u00e1cticos disponibles en plataformas externas, pensados para fomentar la educaci\u00f3n ambiental de forma divertida y participativa. Est\u00e1n dirigidos a ni\u00f1os, j\u00f3venes y educadores que deseen explorar temas como el cuidado del agua, la biodiversidad, el reciclaje y el cambio clim\u00e1tico a trav\u00e9s del juego interactivo.<\/p>\r\n    <p>Tambi\u00e9n encontrar\u00e1s actividades descargables y materiales imprimibles para trabajar en diferentes espacios educativos.<\/p>\r\n  <\/section>\t\t\t\t<\/div>\n\t\t\t\t<\/div>\n\t\t\t\t\t<\/div>\n\t\t<\/div>\n\t\t\t\t\t<\/div>\n\t\t<\/section>\n\t\t\t\t<section class=\"elementor-section elementor-top-section elementor-element elementor-element-c58bf46 elementor-section-boxed elementor-section-height-default elementor-section-height-default\" data-id=\"c58bf46\" data-element_type=\"section\">\n\t\t\t\t\t\t<div class=\"elementor-container elementor-column-gap-default\">\n\t\t\t\t\t<div class=\"elementor-column elementor-col-50 elementor-top-column elementor-element elementor-element-1de4c4b\" data-id=\"1de4c4b\" data-element_type=\"column\">\n\t\t\t<div class=\"elementor-widget-wrap elementor-element-populated\">\n\t\t\t\t\t\t<div class=\"elementor-element elementor-element-815ed56 elementor-widget elementor-widget-html\" data-id=\"815ed56\" data-element_type=\"widget\" data-widget_type=\"html.default\">\n\t\t\t\t<div class=\"elementor-widget-container\">\n\t\t\t\t\t  <!-- Informaci\u00f3n adicional -->\r\n  <section class=\"sinias-info\">\r\n    <h2> <a href=\"https:\/\/scratch.mit.edu\/projects\/1234353123\" target=\"_blank\">Recicla y gana<\/a><\/h2>\r\n    <p>Encuentra 10 objetos que puedas reciclar, pueden ser papel, cart\u00f3n, org\u00e1nicos y hasta pl\u00e1stico... ojo pero no todo tipo de pl\u00e1stico. Tienes 30 segundos. Recuerda: Reciclar es una forma sencilla de cuidar el planeta y reducir nuestra huella ambiental.<\/p>\r\n    <iframe src=\"https:\/\/scratch.mit.edu\/projects\/1234353123\/embed\" allowtransparency=\"true\" width=\"485\" height=\"402\" frameborder=\"0\" scrolling=\"no\" allowfullscreen><\/iframe>\r\n  <\/section>\t\t\t\t<\/div>\n\t\t\t\t<\/div>\n\t\t\t\t\t<\/div>\n\t\t<\/div>\n\t\t\t\t<div class=\"elementor-column elementor-col-50 elementor-top-column elementor-element elementor-element-81ec092\" data-id=\"81ec092\" data-element_type=\"column\">\n\t\t\t<div class=\"elementor-widget-wrap elementor-element-populated\">\n\t\t\t\t\t\t<div class=\"elementor-element elementor-element-49ab88f elementor-widget elementor-widget-html\" data-id=\"49ab88f\" data-element_type=\"widget\" data-widget_type=\"html.default\">\n\t\t\t\t<div class=\"elementor-widget-container\">\n\t\t\t\t\t  <!-- Informaci\u00f3n adicional -->\r\n  <section class=\"sinias-info\">\r\n    <h2> <a href=\"https:\/\/es.educaplay.com\/recursos-educativos\/24966713-trivia_ecuador_biodiversidad_y_galapagos.html\" target=\"_blank\">Explorador de la Amazon\u00eda<\/a><\/h2>\r\n    <p>Tu misi\u00f3n es capturar con tu c\u00e1mara la incre\u00edble fauna de esta selva \u00fanica.\r\nHaz clic sobre los animales para tomarles una foto, pero ten cuidado:\r\nsi fallas, perder\u00e1s puntos.\r\n\r\nDebes tomar 10 fotos.\r\n\r\nRecuerda:\r\n\r\nCuidar la Amazon\u00eda es proteger la vida.<\/p>\r\n    <iframe src=\"https:\/\/scratch.mit.edu\/projects\/1020063694\/embed\" allowtransparency=\"true\" width=\"485\" height=\"402\" frameborder=\"0\" scrolling=\"no\" allowfullscreen><\/iframe>\r\n  <\/section>\t\t\t\t<\/div>\n\t\t\t\t<\/div>\n\t\t\t\t\t<\/div>\n\t\t<\/div>\n\t\t\t\t\t<\/div>\n\t\t<\/section>\n\t\t\t\t<section class=\"elementor-section elementor-top-section elementor-element elementor-element-bbf9769 elementor-section-boxed elementor-section-height-default elementor-section-height-default\" data-id=\"bbf9769\" data-element_type=\"section\">\n\t\t\t\t\t\t<div class=\"elementor-container elementor-column-gap-default\">\n\t\t\t\t\t<div class=\"elementor-column elementor-col-50 elementor-top-column elementor-element elementor-element-9950da1\" data-id=\"9950da1\" data-element_type=\"column\">\n\t\t\t<div class=\"elementor-widget-wrap elementor-element-populated\">\n\t\t\t\t\t\t<div class=\"elementor-element elementor-element-c57e604 elementor-widget elementor-widget-html\" data-id=\"c57e604\" data-element_type=\"widget\" data-widget_type=\"html.default\">\n\t\t\t\t<div class=\"elementor-widget-container\">\n\t\t\t\t\t  <!-- Informaci\u00f3n adicional -->\r\n  <section class=\"sinias-info\">\r\n    <h2> <a href=\"https:\/\/www.jigsawplanet.com\/?rc=play&pid=3530e133de16\" target=\"_blank\">Rompecabeza<\/a><\/h2>\r\n    <p>Observa con atenci\u00f3n, conecta formas y colores y arma el rompecabezas.\r\nDato interesante: Guacamayo Verde Mayor (Ara ambiguus), habita en zonas costeras ecuatorianas, est\u00e1 en peligro cr\u00edtico, con estimaciones de solo 30 a 40 individuos en estado silvestre.<\/p>\r\n    <iframe src=\"https:\/\/www.jigsawplanet.com\/?rc=play&amp;pid=3530e133de16&amp;view=iframe\" style=\"width:100%;height:600px\" frameborder=\"0\" allowfullscreen><\/iframe>\r\n  <\/section>\t\t\t\t<\/div>\n\t\t\t\t<\/div>\n\t\t\t\t\t<\/div>\n\t\t<\/div>\n\t\t\t\t<div class=\"elementor-column elementor-col-50 elementor-top-column elementor-element elementor-element-eeeee68\" data-id=\"eeeee68\" data-element_type=\"column\">\n\t\t\t<div class=\"elementor-widget-wrap elementor-element-populated\">\n\t\t\t\t\t\t<div class=\"elementor-element elementor-element-1cc7e59 elementor-widget elementor-widget-html\" data-id=\"1cc7e59\" data-element_type=\"widget\" data-widget_type=\"html.default\">\n\t\t\t\t<div class=\"elementor-widget-container\">\n\t\t\t\t\t  <!-- Informaci\u00f3n adicional -->\r\n  <section class=\"sinias-info\">\r\n    <h2> <a href=\"https:\/\/es.educaplay.com\/recursos-educativos\/24966713-trivia_ecuador_biodiversidad_y_galapagos.html\" target=\"_blank\">Trivia-Educaplay<\/a><\/h2>\r\n    <p>  Explora la trivia sobre Ecuador, su biodiversidad y las Islas Gal\u00e1pagos.\r\nDescubre datos curiosos sobre especies \u00fanicas, ecosistemas y su importancia. Recuerda: Proteger la biodiversidad tambi\u00e9n empieza contigo.<\/p>\r\n   <iframe allow=\"fullscreen; autoplay; allow-top-navigation-by-user-activation\" allowfullscreen width=\"485\" height=\"402 frameborder=\"0\" src=\"https:\/\/es.educaplay.com\/juego\/24966713-trivia_ecuador_biodiversidad_y_galapagos.html\"><\/iframe>\r\n  <\/section>\t\t\t\t<\/div>\n\t\t\t\t<\/div>\n\t\t\t\t\t<\/div>\n\t\t<\/div>\n\t\t\t\t\t<\/div>\n\t\t<\/section>\n\t\t\t\t<section class=\"elementor-section elementor-top-section elementor-element elementor-element-837defd elementor-section-boxed elementor-section-height-default elementor-section-height-default\" data-id=\"837defd\" data-element_type=\"section\">\n\t\t\t\t\t\t<div class=\"elementor-container elementor-column-gap-default\">\n\t\t\t\t\t<div class=\"elementor-column elementor-col-100 elementor-top-column elementor-element elementor-element-9269631\" data-id=\"9269631\" data-element_type=\"column\">\n\t\t\t<div class=\"elementor-widget-wrap elementor-element-populated\">\n\t\t\t\t\t\t<div class=\"elementor-element elementor-element-5654561 elementor-widget elementor-widget-text-editor\" data-id=\"5654561\" data-element_type=\"widget\" data-widget_type=\"text-editor.default\">\n\t\t\t\t<div class=\"elementor-widget-container\">\n\t\t\t\t\t\t\t\t\t<h3>Metodolog\u00eda ERCA<\/h3><p>Es un enfoque de aprendizaje activo y significativo que se aplica a la educaci\u00f3n ambiental a trav\u00e9s de un ciclo de cuatro fases: Experiencia, Reflexi\u00f3n, Conceptualizaci\u00f3n y Aplicaci\u00f3n<\/p>\t\t\t\t\t\t\t\t<\/div>\n\t\t\t\t<\/div>\n\t\t\t\t<div class=\"elementor-element elementor-element-3e5ebd5 elementor-widget elementor-widget-wpdmcategory\" data-id=\"3e5ebd5\" data-element_type=\"widget\" data-widget_type=\"wpdmcategory.default\">\n\t\t\t\t<div class=\"elementor-widget-container\">\n\t\t\t\t\t<div class='w3eden'>\n    <div class=''>\n\n        \n        <div id=\"content_wpdm_package_1\">\n            <div class='row'><div class='col-lg-4 col-md-6 col-12'><!-- WPDM Link Template: Widget Template -->\n\n<div class=\"media well link-template-widget\">\n    <a class=\"mr-3 img-48\" href=\"https:\/\/cajaherramientasea.ambiente.gob.ec\/?wpdmpro=aprendizaje-significativo\">\n        <img decoding=\"async\" class=\"wpdm_icon\" alt=\"Icono\"   src=\"http:\/\/172.16.0.171\/wp-content\/plugins\/download-manager\/assets\/file-type-icons\/pdf.png\" \/>\n    <\/a>\n    <div class=\"media-body\">\n        <a href=\"https:\/\/cajaherramientasea.ambiente.gob.ec\/?wpdmpro=aprendizaje-significativo\" style=\"display: block;clear: bottom;font-size: 11pt;font-weight: bold;\">Aprendizaje significativo<\/a>\n        <div style=\"font-size: 9pt;\">\n            <i class=\"fas fa-hdd color-green\"><\/i> 253.05 KB <i class=\"fa fa-copy ml-3\"><\/i>\n            1 file(s)\n        <\/div>\n    <\/div>\n<\/div>\n\n<\/div><\/div>                    <\/div>\n\n        <div style='clear:both'><\/div>\n    <\/div>\n<\/div>\n\t\t\t\t<\/div>\n\t\t\t\t<\/div>\n\t\t\t\t\t<\/div>\n\t\t<\/div>\n\t\t\t\t\t<\/div>\n\t\t<\/section>\n\t\t\t\t<section class=\"elementor-section elementor-top-section elementor-element elementor-element-d77f4d8 elementor-section-boxed elementor-section-height-default elementor-section-height-default\" data-id=\"d77f4d8\" data-element_type=\"section\">\n\t\t\t\t\t\t<div class=\"elementor-container elementor-column-gap-default\">\n\t\t\t\t\t<div class=\"elementor-column elementor-col-100 elementor-top-column elementor-element elementor-element-fb57de6\" data-id=\"fb57de6\" data-element_type=\"column\">\n\t\t\t<div class=\"elementor-widget-wrap elementor-element-populated\">\n\t\t\t\t\t\t<div class=\"elementor-element elementor-element-d9df803 elementor-widget elementor-widget-text-editor\" data-id=\"d9df803\" data-element_type=\"widget\" data-widget_type=\"text-editor.default\">\n\t\t\t\t<div class=\"elementor-widget-container\">\n\t\t\t\t\t\t\t\t\t<h3>Juegos, din\u00e1micas y actividades para descargar<\/h3>\t\t\t\t\t\t\t\t<\/div>\n\t\t\t\t<\/div>\n\t\t\t\t<div class=\"elementor-element elementor-element-5f95bf9 elementor-widget elementor-widget-wpdmcategory\" data-id=\"5f95bf9\" data-element_type=\"widget\" data-widget_type=\"wpdmcategory.default\">\n\t\t\t\t<div class=\"elementor-widget-container\">\n\t\t\t\t\t<div class='w3eden'>\n    <div class=''>\n\n        \n        <div id=\"content_wpdm_package_2\">\n            <div class='row'><div class='col-lg-4 col-md-6 col-12'><!-- WPDM Link Template: Widget Template -->\n\n<div class=\"media well link-template-widget\">\n    <a class=\"mr-3 img-48\" href=\"https:\/\/cajaherramientasea.ambiente.gob.ec\/?wpdmpro=taller-dinamicas\">\n        <img decoding=\"async\" class=\"wpdm_icon\" alt=\"Icono\"   src=\"https:\/\/cajaherramientasea.ambiente.gob.ec\/wp-content\/plugins\/download-manager\/assets\/file-type-icons\/box_download.png\" \/>\n    <\/a>\n    <div class=\"media-body\">\n        <a href=\"https:\/\/cajaherramientasea.ambiente.gob.ec\/?wpdmpro=taller-dinamicas\" style=\"display: block;clear: bottom;font-size: 11pt;font-weight: bold;\">Taller dinamicas<\/a>\n        <div style=\"font-size: 9pt;\">\n            <i class=\"fas fa-hdd color-green\"><\/i> 173.97 KB <i class=\"fa fa-copy ml-3\"><\/i>\n            1 file(s)\n        <\/div>\n    <\/div>\n<\/div>\n\n<\/div><div class='col-lg-4 col-md-6 col-12'><!-- WPDM Link Template: Widget Template -->\n\n<div class=\"media well link-template-widget\">\n    <a class=\"mr-3 img-48\" href=\"https:\/\/cajaherramientasea.ambiente.gob.ec\/?wpdmpro=juguemos-cooperativo\">\n        <img decoding=\"async\" class=\"wpdm_icon\" alt=\"Icono\"   src=\"https:\/\/cajaherramientasea.ambiente.gob.ec\/wp-content\/plugins\/download-manager\/assets\/file-type-icons\/box_download.png\" \/>\n    <\/a>\n    <div class=\"media-body\">\n        <a href=\"https:\/\/cajaherramientasea.ambiente.gob.ec\/?wpdmpro=juguemos-cooperativo\" style=\"display: block;clear: bottom;font-size: 11pt;font-weight: bold;\">Juguemos cooperativo<\/a>\n        <div style=\"font-size: 9pt;\">\n            <i class=\"fas fa-hdd color-green\"><\/i> 612.08 KB <i class=\"fa fa-copy ml-3\"><\/i>\n            1 file(s)\n        <\/div>\n    <\/div>\n<\/div>\n\n<\/div><div class='col-lg-4 col-md-6 col-12'><!-- WPDM Link Template: Widget Template -->\n\n<div class=\"media well link-template-widget\">\n    <a class=\"mr-3 img-48\" href=\"https:\/\/cajaherramientasea.ambiente.gob.ec\/?wpdmpro=juegos-cooperativos-y-sin-competicion-para-infantil\">\n        <img decoding=\"async\" class=\"wpdm_icon\" alt=\"Icono\"   src=\"https:\/\/cajaherramientasea.ambiente.gob.ec\/wp-content\/plugins\/download-manager\/assets\/file-type-icons\/box_download.png\" \/>\n    <\/a>\n    <div class=\"media-body\">\n        <a href=\"https:\/\/cajaherramientasea.ambiente.gob.ec\/?wpdmpro=juegos-cooperativos-y-sin-competicion-para-infantil\" style=\"display: block;clear: bottom;font-size: 11pt;font-weight: bold;\">Juegos cooperativos y sin competicion para infantil<\/a>\n        <div style=\"font-size: 9pt;\">\n            <i class=\"fas fa-hdd color-green\"><\/i> 2.78 MB <i class=\"fa fa-copy ml-3\"><\/i>\n            1 file(s)\n        <\/div>\n    <\/div>\n<\/div>\n\n<\/div><div class='col-lg-4 col-md-6 col-12'><!-- WPDM Link Template: Widget Template -->\n\n<div class=\"media well link-template-widget\">\n    <a class=\"mr-3 img-48\" href=\"https:\/\/cajaherramientasea.ambiente.gob.ec\/?wpdmpro=juegos-verdes\">\n        <img decoding=\"async\" class=\"wpdm_icon\" alt=\"Icono\"   src=\"https:\/\/cajaherramientasea.ambiente.gob.ec\/wp-content\/plugins\/download-manager\/assets\/file-type-icons\/box_download.png\" \/>\n    <\/a>\n    <div class=\"media-body\">\n        <a href=\"https:\/\/cajaherramientasea.ambiente.gob.ec\/?wpdmpro=juegos-verdes\" style=\"display: block;clear: bottom;font-size: 11pt;font-weight: bold;\">Juegos Verdes<\/a>\n        <div style=\"font-size: 9pt;\">\n            <i class=\"fas fa-hdd color-green\"><\/i> 33.02 MB <i class=\"fa fa-copy ml-3\"><\/i>\n            1 file(s)\n        <\/div>\n    <\/div>\n<\/div>\n\n<\/div><div class='col-lg-4 col-md-6 col-12'><!-- WPDM Link Template: Widget Template -->\n\n<div class=\"media well link-template-widget\">\n    <a class=\"mr-3 img-48\" href=\"https:\/\/cajaherramientasea.ambiente.gob.ec\/?wpdmpro=juegos-de-educacion-ambiental\">\n        <img decoding=\"async\" class=\"wpdm_icon\" alt=\"Icono\"   src=\"http:\/\/172.16.0.171\/wp-content\/plugins\/download-manager\/assets\/file-type-icons\/pdf.png\" \/>\n    <\/a>\n    <div class=\"media-body\">\n        <a href=\"https:\/\/cajaherramientasea.ambiente.gob.ec\/?wpdmpro=juegos-de-educacion-ambiental\" style=\"display: block;clear: bottom;font-size: 11pt;font-weight: bold;\">Juegos de Educaci\u00f3n Ambiental<\/a>\n        <div style=\"font-size: 9pt;\">\n            <i class=\"fas fa-hdd color-green\"><\/i> 118.06 KB <i class=\"fa fa-copy ml-3\"><\/i>\n            1 file(s)\n        <\/div>\n    <\/div>\n<\/div>\n\n<\/div><\/div>                    <\/div>\n\n        <div style='clear:both'><\/div>\n    <\/div>\n<\/div>\n\t\t\t\t<\/div>\n\t\t\t\t<\/div>\n\t\t\t\t\t<\/div>\n\t\t<\/div>\n\t\t\t\t\t<\/div>\n\t\t<\/section>\n\t\t\t\t<section class=\"elementor-section elementor-top-section elementor-element elementor-element-cb8c18f elementor-section-boxed elementor-section-height-default elementor-section-height-default\" data-id=\"cb8c18f\" data-element_type=\"section\">\n\t\t\t\t\t\t<div class=\"elementor-container elementor-column-gap-default\">\n\t\t\t\t\t<div class=\"elementor-column elementor-col-100 elementor-top-column elementor-element elementor-element-3b9b711\" data-id=\"3b9b711\" data-element_type=\"column\">\n\t\t\t<div class=\"elementor-widget-wrap elementor-element-populated\">\n\t\t\t\t\t\t<div class=\"elementor-element elementor-element-5db6e56 elementor-widget elementor-widget-text-editor\" data-id=\"5db6e56\" data-element_type=\"widget\" data-widget_type=\"text-editor.default\">\n\t\t\t\t<div class=\"elementor-widget-container\">\n\t\t\t\t\t\t\t\t\t<h3>Manual de facilitaci\u00f3n<\/h3>\t\t\t\t\t\t\t\t<\/div>\n\t\t\t\t<\/div>\n\t\t\t\t<div class=\"elementor-element elementor-element-03bbb59 elementor-widget elementor-widget-wpdmcategory\" data-id=\"03bbb59\" data-element_type=\"widget\" data-widget_type=\"wpdmcategory.default\">\n\t\t\t\t<div class=\"elementor-widget-container\">\n\t\t\t\t\t<div class='w3eden'>\n    <div class=''>\n\n        \n        <div id=\"content_wpdm_package_3\">\n            <div class='row'><div class='col-lg-4 col-md-6 col-12'><!-- WPDM Link Template: Widget Template -->\n\n<div class=\"media well link-template-widget\">\n    <a class=\"mr-3 img-48\" href=\"https:\/\/cajaherramientasea.ambiente.gob.ec\/?wpdmpro=tecnicas-de-educacion-popular\">\n        <img decoding=\"async\" class=\"wpdm_icon\" alt=\"Icono\"   src=\"http:\/\/172.16.0.171\/wp-content\/plugins\/download-manager\/assets\/file-type-icons\/pdf.png\" \/>\n    <\/a>\n    <div class=\"media-body\">\n        <a href=\"https:\/\/cajaherramientasea.ambiente.gob.ec\/?wpdmpro=tecnicas-de-educacion-popular\" style=\"display: block;clear: bottom;font-size: 11pt;font-weight: bold;\">Tecnicas de educacion popular<\/a>\n        <div style=\"font-size: 9pt;\">\n            <i class=\"fas fa-hdd color-green\"><\/i> 1.35 MB <i class=\"fa fa-copy ml-3\"><\/i>\n            1 file(s)\n        <\/div>\n    <\/div>\n<\/div>\n\n<\/div><div class='col-lg-4 col-md-6 col-12'><!-- WPDM Link Template: Widget Template -->\n\n<div class=\"media well link-template-widget\">\n    <a class=\"mr-3 img-48\" href=\"https:\/\/cajaherramientasea.ambiente.gob.ec\/?wpdmpro=pi_guiadefacilitacion\">\n        <img decoding=\"async\" class=\"wpdm_icon\" alt=\"Icono\"   src=\"http:\/\/172.16.0.171\/wp-content\/plugins\/download-manager\/assets\/file-type-icons\/pdf.png\" \/>\n    <\/a>\n    <div class=\"media-body\">\n        <a href=\"https:\/\/cajaherramientasea.ambiente.gob.ec\/?wpdmpro=pi_guiadefacilitacion\" style=\"display: block;clear: bottom;font-size: 11pt;font-weight: bold;\">PI_GUIADEFACILITACION<\/a>\n        <div style=\"font-size: 9pt;\">\n            <i class=\"fas fa-hdd color-green\"><\/i> 214.11 KB <i class=\"fa fa-copy ml-3\"><\/i>\n            1 file(s)\n        <\/div>\n    <\/div>\n<\/div>\n\n<\/div><div class='col-lg-4 col-md-6 col-12'><!-- WPDM Link Template: Widget Template -->\n\n<div class=\"media well link-template-widget\">\n    <a class=\"mr-3 img-48\" href=\"https:\/\/cajaherramientasea.ambiente.gob.ec\/?wpdmpro=guia-de-metodologias-participativas-para-facilitadores-de-grupos\">\n        <img decoding=\"async\" class=\"wpdm_icon\" alt=\"Icono\"   src=\"http:\/\/172.16.0.171\/wp-content\/plugins\/download-manager\/assets\/file-type-icons\/pdf.png\" \/>\n    <\/a>\n    <div class=\"media-body\">\n        <a href=\"https:\/\/cajaherramientasea.ambiente.gob.ec\/?wpdmpro=guia-de-metodologias-participativas-para-facilitadores-de-grupos\" style=\"display: block;clear: bottom;font-size: 11pt;font-weight: bold;\">Guia de metodolog\u00edas participativas para Facilitadores de grupos<\/a>\n        <div style=\"font-size: 9pt;\">\n            <i class=\"fas fa-hdd color-green\"><\/i> 1.78 MB <i class=\"fa fa-copy ml-3\"><\/i>\n            1 file(s)\n        <\/div>\n    <\/div>\n<\/div>\n\n<\/div><div class='col-lg-4 col-md-6 col-12'><!-- WPDM Link Template: Widget Template -->\n\n<div class=\"media well link-template-widget\">\n    <a class=\"mr-3 img-48\" href=\"https:\/\/cajaherramientasea.ambiente.gob.ec\/?wpdmpro=bases-del-facilitacion\">\n        <img decoding=\"async\" class=\"wpdm_icon\" alt=\"Icono\"   src=\"http:\/\/172.16.0.171\/wp-content\/plugins\/download-manager\/assets\/file-type-icons\/pdf.png\" \/>\n    <\/a>\n    <div class=\"media-body\">\n        <a href=\"https:\/\/cajaherramientasea.ambiente.gob.ec\/?wpdmpro=bases-del-facilitacion\" style=\"display: block;clear: bottom;font-size: 11pt;font-weight: bold;\">Bases del facilitaci\u00f3n<\/a>\n        <div style=\"font-size: 9pt;\">\n            <i class=\"fas fa-hdd color-green\"><\/i> 1.04 MB <i class=\"fa fa-copy ml-3\"><\/i>\n            1 file(s)\n        <\/div>\n    <\/div>\n<\/div>\n\n<\/div><\/div>                    <\/div>\n\n        <div style='clear:both'><\/div>\n    <\/div>\n<\/div>\n\t\t\t\t<\/div>\n\t\t\t\t<\/div>\n\t\t\t\t\t<\/div>\n\t\t<\/div>\n\t\t\t\t\t<\/div>\n\t\t<\/section>\n\t\t\t\t<\/div>\n\t\t","protected":false},"excerpt":{"rendered":"<p>Secci\u00f3n de Juegos Ambientales En este espacio encontrar\u00e1s una selecci\u00f3n de juegos did\u00e1cticos disponibles en plataformas externas, pensados para fomentar la educaci\u00f3n ambiental de forma divertida y participativa. Est\u00e1n dirigidos a ni\u00f1os, j\u00f3venes y educadores que deseen explorar temas como el cuidado del agua, la biodiversidad, el reciclaje y el cambio clim\u00e1tico a trav\u00e9s del&hellip;&nbsp;<a href=\"https:\/\/cajaherramientasea.ambiente.gob.ec\/?page_id=1436\" rel=\"bookmark\">Leer m\u00e1s &raquo;<span class=\"screen-reader-text\">Juegos<\/span><\/a><\/p>\n","protected":false},"author":10,"featured_media":0,"parent":0,"menu_order":0,"comment_status":"closed","ping_status":"closed","template":"page-templates\/template-pagebuilder-full-width.php","meta":{"neve_meta_sidebar":"","neve_meta_container":"","neve_meta_enable_content_width":"","neve_meta_content_width":0,"neve_meta_title_alignment":"","neve_meta_author_avatar":"","neve_post_elements_order":"","neve_meta_disable_header":"","neve_meta_disable_footer":"","neve_meta_disable_title":"","footnotes":""},"class_list":["post-1436","page","type-page","status-publish","hentry"],"_links":{"self":[{"href":"https:\/\/cajaherramientasea.ambiente.gob.ec\/index.php?rest_route=\/wp\/v2\/pages\/1436","targetHints":{"allow":["GET"]}}],"collection":[{"href":"https:\/\/cajaherramientasea.ambiente.gob.ec\/index.php?rest_route=\/wp\/v2\/pages"}],"about":[{"href":"https:\/\/cajaherramientasea.ambiente.gob.ec\/index.php?rest_route=\/wp\/v2\/types\/page"}],"author":[{"embeddable":true,"href":"https:\/\/cajaherramientasea.ambiente.gob.ec\/index.php?rest_route=\/wp\/v2\/users\/10"}],"replies":[{"embeddable":true,"href":"https:\/\/cajaherramientasea.ambiente.gob.ec\/index.php?rest_route=%2Fwp%2Fv2%2Fcomments&post=1436"}],"version-history":[{"count":15,"href":"https:\/\/cajaherramientasea.ambiente.gob.ec\/index.php?rest_route=\/wp\/v2\/pages\/1436\/revisions"}],"predecessor-version":[{"id":2039,"href":"https:\/\/cajaherramientasea.ambiente.gob.ec\/index.php?rest_route=\/wp\/v2\/pages\/1436\/revisions\/2039"}],"wp:attachment":[{"href":"https:\/\/cajaherramientasea.ambiente.gob.ec\/index.php?rest_route=%2Fwp%2Fv2%2Fmedia&parent=1436"}],"curies":[{"name":"wp","href":"https:\/\/api.w.org\/{rel}","templated":true}]}}